*c - 2 = -3*h. Let n(k) = 7 + 7*k - 8 - 1 - h. What are the prime factors of n(2)?
2, 5
Let w = 14420 + -9680. What are the prime factors of w?
2, 3, 5, 79
Let m be (-417 - 2) + 175/35. List the prime factors of ((-342)/76)/(3/m).
3, 23
Let n be -6*9*2/4. Let l = n + 9. Let x = 68 + l. List the prime factors of x.
2, 5
Let h(o) = -o. Let r(v) = -25*v**2 + 13*v - 54. Let m(i) = 3*h(i) - r(i). What are the prime factors of m(4)?
2, 3, 5, 13
Let r be ((-94208)/56)/8 - (-4)/14. What are the prime factors of (-99 + 73)*r/4?
3, 5, 7, 13
Let y = 58 + -63. Let g(u) = -3*u**3 + u**2 + 8*u + 7. Let z be g(y). Suppose -236 = -2*s + w + 4*w, -3*s + z = -w. List the prime factors of s.
3, 41
Suppose -144*u - 169*u + 14185160 = 0. What are the prime factors of u?
2, 5, 11, 103
Let r be -2 - -2 - (2 + -4). Let u be (-1 - 9/r)*2. List the prime factors of (-112)/(-11) - (-2)/u.
2, 5
Let a(h) be the first derivative of 35*h**2 + 23*h - 71. What are the prime factors of a(13)?
3, 311
Let x = -1970 - -1340. Let f = x - -385. Let n = -129 - f. List the prime factors of n.
2, 29
Suppose 714*f - 48210898 + 626368 = 0. What are the prime factors of f?
3, 5, 1481
Suppose 0 = -2*t + 10 + 134. Let f = t - 6. Let x = 150 - f. What are the prime factors of x?
2, 3, 7
Suppose q - 11 = -15. Let u be (-40)/q*92/10. List the prime factors of (16/(-4))/(8/u)*-1.
2, 23
Let z be -8 + 5 + -2 + 10. Suppose 0 = -41*k + 26*k + 825. Suppose -z*t + 1005 = -k. What are the prime factors of t?
2, 53
Let i = -8 + 7. Let h = i + 3. Suppose 6*b - 512 = h*b. What are the prime factors of b?
2
Let y = -788 - -504. Let b = -108 - y. List the prime factors of b.
2, 11
Let t(k) be the first derivative of -9 + 3/2*k**2 + 15*k. List the prime factors of t(14).
3, 19
Suppose -1282 = -27*m + 8330. List the prime factors of m.
2, 89
Suppose 2*x - 2186 = 3*x - 4*j, -3*x = 5*j + 6575. What are the prime factors of (18/45)/(3/x*-1)?
2, 73
Suppose -16 = -3*j - 4. Let u be 0/(0 - 5/(-5)). Suppose 2*f = -j*k + 44, k + f - 11 = -u*f. List the prime factors of k.
11
List the prime factors of 9/((27/(-63))/((24020/14)/(-1))).
2, 3, 5, 1201
Let j(x) = 8*x - 6 - 11 + 28*x + 3*x. Let w be j(6). Suppose -a + w = 5*q + 38, a + 4*q - 178 = 0. List the prime factors of a.
2, 3, 29
Suppose -106*m + 292720 = -1274914. What are the prime factors of m?
23, 643
List the prime factors of 18012385/5663 + 0 + 4/14.
3181
Suppose -306*i = -361*i + 996160. List the prime factors of i.
2, 283
Suppose 7*u + 55 = -4*u. Let h(m) = 6*m**2 - 6*m + 12. Let a be h(u). Suppose -100*n + 104*n = a. List the prime factors of n.
2, 3
List the prime factors of 39203 + -8 + (13 + -9 - -9).
2, 13, 29
Let j = 786 - 783. Suppose -3*h + l + 4644 = 0, -l + j*l = 0. What are the prime factors of h?
2, 3, 43
Let w(c) = c**3 + 3*c**2 - 12*c + 24585. What are the prime factors of w(0)?
3, 5, 11, 149
Suppose -132*x = -608837 - 141583. List the prime factors of x.
3, 5, 379
Let b be 13/(78/92) - (-2)/3. Suppose -64 = -6*s - b. What are the prime factors of s?
2
Suppose p - 11 = -3*w - 3, -5*w = -2*p - 6. What are the prime factors of 1/(8/w + (-6045)/1512)?
2, 3, 7
Let h be (-3838)/342 - 4/(-18). Let x(k) = 9*k**2 + k - 1. Let p be x(-2). What are the prime factors of 185/3 - h/p?
2, 31
Let f be 3/(9/57)*5. Let l = 397 - 158. Let a = l - f. List the prime factors of a.
2, 3
List the prime factors of (36/(-45))/(10/(-40) - 63467/(-253900)).
2, 5, 2539
Suppose 0 = -2*r - 11*c + 30516, 2*r + 16*c - 30462 = 14*c. What are the prime factors of r?
3, 5, 7, 29
Let t = 112 - 109. List the prime factors of t/2*(223 - -3).
3, 113
Suppose 74*s - 273408 = 10*s. What are the prime factors of s?
2, 3, 89
Let z be ((-10)/(-2))/(7/35). Suppose -6*d + 30101 = z*d. List the prime factors of d.
971
Let b(f) = -8*f**3 - 7*f**2 + 23*f + 64. List the prime factors of b(-8).
2, 3, 7
Suppose x = -0 + 2. Let o = 90 - -15. Suppose i = 3*y + o, 5*i - x*y - 207 = 305. List the prime factors of i.
2, 3, 17
Let f = 29 - 28. Suppose 4*s + f = 101. Suppose 0 = 3*o - s - 11. List the prime factors of o.
2, 3
Let r = 19766 - 9069. What are the prime factors of r?
19, 563
Let y(h) = -h**3 + 21*h**2 + 22*h + 22. Suppose -3*n + 9 = -15. Let q be ((4 - n) + 5)*22. List the prime factors of y(q).
2, 11
Let d = -2512 + 3583. List the prime factors of d.
3, 7, 17
Let r(b) = -43*b - 8. Let n(m) = -43*m - 7. Let a(o) = -2*n(o) + 3*r(o). List the prime factors of a(-9).
13, 29
Let y(w) = -828*w - 6357. List the prime factors of y(-67).
3, 7, 2339
Suppose 29*z - 68769 = 27*z + 3*o, -2*z - 3*o + 68787 = 0. List the prime factors of z.
3, 3821
Let t(d) = 20959*d + 223. What are the prime factors of t(1)?
2, 7, 17, 89
Suppose 4*g + 2*k + 3*k - 94 = 0, 3*g + 3*k - 69 = 0. Suppose 5094 = 27*x - g*x. What are the prime factors of x?
3, 283
Suppose -3*o - o = 2*o. Suppose j + 0 + 4 = g, 5*j + 2*g - 15 = o. List the prime factors of j/4 + (-2010)/(-24).
2, 3, 7
Let k(r) = 2*r**2 - 7*r + 4. Let n(t) = t**3 + 13*t**2 + 20*t + 28. Let b be n(-12). Let a be -11 + (159/51 - (-8)/b). List the prime factors of k(a).
2, 47
Suppose 3*i + 44 = -8*i. List the prime factors of 7/(-56)*i*600.
2, 3, 5
Let g(m) = 5*m**3 + 3*m**2 - 7*m + 19. Let u(q) = -4*q**3 - 3*q**2 + 7*q - 18. Let r(v) = 3*g(v) + 4*u(v). What are the prime factors of r(-9)?
2, 3, 17
Let m(f) = 2*f**3 - 17*f**2 + 19*f + 31. Let j(c) = -19*c - 66. Let z be j(-4). What are the prime factors of m(z)?
521
What are the prime factors of -4 + -31 + 35 + (-6877)/(-1)?
13, 23
Suppose 0 = 14*n - 27 - 85. What are the prime factors of (16/24)/(3/(540/n))?
3, 5
Let c = -54 - -58. Let z(s) = 1 - c + 7 + 12*s + 19. List the prime factors of z(7).
107
Suppose 4623 - 14634 = -0*l - l. List the prime factors of l.
3, 47, 71
Suppose -3*l - 4*f + 1627 = -990, f + 1752 = 2*l. List the prime factors of l.
5, 7
Let o = -164 + -46. Let b = -159 - o. List the prime factors of b.
3, 17
Let j(c) be the second derivative of 187*c**3/6 + 9*c**2/2 + 12*c. Let o be j(-1). Let a = -100 - o. What are the prime factors of a?
2, 3, 13
Let g(u) = 762*u - 772. List the prime factors of g(9).
2, 17, 179
What are the prime factors of 4/(-1) - (8 + (-1587 - -18))?
3, 173
Suppose 23*y = -13*y + 29*y + 180530. List the prime factors of y.
2, 5, 2579
Let m(r) = -2*r**3 + 47*r**2 + 39*r - 37. List the prime factors of m(24).
17, 19
Suppose 3*v - 81709 = -5*h, -9*v + 14*v = -4*h + 136186. What are the prime factors of v?
2, 13619
Let j(c) = -c**2 + 17*c + 27. Let x be j(17). Let h be x + (0 - 4 - -4). Let p = 36 + h. List the prime factors of p.
3, 7
Let l = -3369 + 9775. Suppose -40362 = -26*w - l. What are the prime factors of w?
2, 653
Let z(u) = -760*u + 338. What are the prime factors of z(-4)?
2, 3, 563
Suppose -4*r + 1213 = -z, 5*r - 315 = -5*z + 1220. Suppose -1651 = -5*q + r. What are the prime factors of q?
17, 23
Let c = -5 - -4. Let h be (-2477)/(-21)*3 + c/(-7). Let n = h + -231. What are the prime factors of n?
3, 41
Suppose 3*m = -4*c + 153, 0*m - 5*m - 3*c + 244 = 0. Let o(s) = s**3 - 10*s**2 + s + 22. Let a be o(10). Let r = m + a. List the prime factors of r.
79
Let s be -3 + (1 + 2 + -2 - -5). Suppose -4735 = -5*u + 5*y, 8*u - 5*u = -s*y + 2859. What are the prime factors of u?
2, 5, 19
Let m(a) = 81679*a - 981. List the prime factors of m(1).
2, 157, 257
Suppose 0 = -16*o + 171461 - 741. List the prime factors of o.
2, 5, 11, 97
Suppose -f - 2*x + 25090 = 0, -f + 33092 = x + 8002. List the prime factors of f.
2, 5, 13, 193
Let h = -465 - -489. Let s(t) = -9*t**2 - 2*t + 4. Let y be s(2). List the prime factors of ((-230)/3)/(h/y).
5, 23
Let t(d) = -93*d + 145. Let n(b) = -b + 6. Let h(w) = -5*n(w) - t(w). What are the prime factors of h(16)?
7, 199
Let g(a) = 10*a - 453. Let q be g(51). Let f(j) = -9*j - 4. Let m be f(-6). Let n = q + m. List the prime factors of n.
107
Let z = -176 - -146. Let d = z + 30. Suppose 4*q - 310 = 2*y - 5*y, 4*y - 5*q - 372 = d. What are the prime factors of y?
2, 7
Let j be 170*((-65)/10 - -6). Let t = j - -183. What are the prime factors of t?
2, 7
Let j = -7420 - -15820. List the prime factors of j.
2, 3, 5, 7
Suppose 4233*m + 217300 = 4253*m. What are the prime factors of m?
5, 41, 53
Suppose -443 + 5771 = -4*m. Let l = m - -2400. Sup